t j(g) = -g + 11. Let f be j(7). Let q(w) = 0*w**2 + 6*w**2 - w**3 + f*w + 261 + 5*w**2 - 272. What is the units digit of q(11)?
3
Let s = 24349 - 15533. What is the hundreds digit of s?
8
Let i(z) = -z**3 - 23*z**2 + 47*z - 25. Let h be i(-25). Suppose -4*p - 37 = -3*v + 38, 0 = -2*v - 3*p + h. What is the tens digit of (1 - 35/v) + (-584)/(-10)?
5
Let t be ((-6)/8)/(12750/(-4240) + 3). Suppose -57*r + 59*r - t = 0. What is the units digit of r?
3
Let g be 11/(-33) - ((-48828)/9)/4. Suppose 0 = 7*r - 5399 - g. What is the units digit of r?
5
Let o = 333 + -1131. Let z = -417 - o. What is the tens digit of z?
8
Let u(s) = -s**3 - 5*s**2 + 3*s - 5. Let d be u(-5). What is the units digit of (-2)/8*d - -314?
9
Let x = 76 - 63. Let h(n) = 2*n**2 - 27*n + 16. What is the units digit of h(x)?
3
Let w = -777 - -3303. Let f = 4023 - w. What is the tens digit of f?
9
Let m(b) = 173*b + 46. Let p be m(16). Suppose -1369 = -5*x + z + 2131, -4*x = 2*z - p. What is the hundreds digit of x?
7
Let o(q) = -q**3 + 8*q**2 + 13*q - 7. Suppose -4*w + 7*w = 138. Let p = w + -40. What is the tens digit of o(p)?
4
Let y be (-3)/12*-730*-2. Let t = y - -773. Let l = t - 217. What is the hundreds digit of l?
1
Let y(a) = 9*a**2 - a + 1. Let q be -1*(-30*1 - 0). Let j = 27 - q. What is the tens digit of y(j)?
8
What is the hundreds digit of -12 + -4 + 6981 - 5?
9
Let d(c) = -533*c + 4405. What is the hundreds digit of d(-44)?
8
Let k = 16448 + -10815. What is the thousands digit of k?
5
What is the tens digit of (-8848477)/(-231) + -1 - ((-40)/21 - -2)?
0
What is the hundreds digit of (-8)/(-14) - 4178*(-14)/196?
2
Suppose -16*f - 88 = -24*f. Suppose -2*g + f - 1 = 0, 4*o - 3 = g. Suppose 5*q = -3*t + 360, 207 + 287 = 4*t + o*q. What is the tens digit of t?
2
Let q(b) = -4*b**2 - 7*b + 15. Let f(c) = -c**2. Let k(o) = -2*f(o) + q(o). Let s be k(6). Let u = s + 253. What is the units digit of u?
4
Let b(v) = 7*v**3 - 16*v**2 - 21*v + 49. Let f(u) = 6*u**3 - 15*u**2 - 22*u + 51. Let x(t) = -5*b(t) + 6*f(t). What is the units digit of x(15)?
1
Suppose 4*g - 3*s - 33 - 94 = 0, 0 = 4*g + 4*s - 92. Suppose 30*h = g*h + 446. What is the hundreds digit of h?
2
Let x = 55015 - 23283. What is the ten thousands digit of x?
3
What is the hundreds digit of (-59893)/(-4) - ((3042/(-24))/13 + 9)?
9
Let a(l) be the first derivative of -22*l**3/3 - 23*l**2/2 - 4*l + 16. Let c(r) be the first derivative of a(r). What is the tens digit of c(-4)?
5
Let l(g) = 2*g - 7. Let o be l(7). Suppose -10*m = -o*m - 684. Suppose -4*u - 5*z + 512 = 0, -2*z = -4*u + 256 + m. What is the hundreds digit of u?
1
Let q(f) = f**3 + 118*f**2 + 196*f + 8942. What is the tens digit of q(-111)?
3
Let u(x) = 4*x**3 + 5*x - 4. Let d be u(1). Suppose 4174 + 2091 = d*c. What is the units digit of c?
3
Let l be (3/(-4))/(11/(-44)). Suppose -162 = -w - 4*g, 4*w = -0*g + l*g + 648. What is the tens digit of w?
6
Let m(b) = b**2 + 13*b + 9. Let o be (5 - 8)*(-1 - (-2)/1). Let h be ((-72)/(-16) + o)/(6/(-64)). What is the tens digit of m(h)?
5
Let t = -255 + -13. What is the units digit of -23 + 17 - (t - 1)?
3
Suppose -5*b + 4*y - 3875 = 0, 5 = -7*y + 6*y. What is the hundreds digit of (b/38)/(1/(-14))?
2
Let h = 9287 + -8759. Let q(s) = s**2 - 5*s. Let w be q(6). Suppose -10*g + h = -w*g. What is the tens digit of g?
3
Suppose c + 2*c = 5*f + 76, -3*c = 2*f - 41. Suppose 4*v = -w + 2141, 0 = 19*v - c*v - 4*w - 1048. What is the tens digit of v?
3
Suppose -28*w - 838980 = -25*w - 93*w. What is the hundreds digit of w?
3
Let n(r) be the first derivative of 9*r**3 + 5*r**2/2 + 3*r + 124. What is the hundreds digit of n(3)?
2
Let u be (-16)/(-144) - (-16278)/27. Let a = 1197 - u. What is the tens digit of a?
9
Suppose 26*j - 33*j + 21 = 0. Suppose 0*u - 2*u = -j*k + 35, -2*u - 57 = -5*k. What is the units digit of k?
1
Let j(q) = 12*q**2 + 18*q + 1279. What is the hundreds digit of j(-42)?
6
Let d(h) be the first derivative of 16*h**3/3 - 21*h**2/2 - 254*h + 93. What is the thousands digit of d(-9)?
1
What is the tens digit of 1583290/56 + 542/(-15176)?
7
Let s = -2 + 78. Let a = s + -72. What is the tens digit of (-1)/2 - (-66)/a?
1
Let h(o) = -o**3 - 9*o**2 - 4*o + 36. Let l be h(-8). Suppose 2*k - 678 = -l*v, -k - 4*k = -5*v - 1620. What is the hundreds digit of k?
3
What is the thousands digit of -2 + 16719/1 + -41 + 34?
6
Suppose -4*p + 251888 = 4*s, -23195 = -4*s - 3*p + 228696. What is the units digit of s?
5
Let c = 3168 - -1260. What is the thousands digit of c?
4
Suppose 7*t + 2*t - 252 = 0. Let n(k) = 13 - 2*k**2 - 24*k + 11 - t. What is the tens digit of n(-7)?
6
Suppose -5*c + 362 + 2627 = -2*b, 0 = 4*b - 12. What is the hundreds digit of c*(4 + 2 - (6 - 1))?
5
Let t(w) = -16*w**3 - 2*w**2 + 4*w + 2. Let i be t(-3). Let v = i + -218. What is the tens digit of v?
8
Let k(w) be the third derivative of -115*w**4/12 - 289*w**3/6 - w**2 - 114*w. What is the tens digit of k(-7)?
2
Let k = -1 + 3. Suppose 5*z - 6*z - 2*h = -12, 0 = -5*h + 25. What is the tens digit of ((-35)/z)/(k/(-4))?
3
Let p = -16898 + 25266. What is the tens digit of p?
6
Suppose -116 = -5*i - d, -d = -i - 2*d + 20. Let z = 28 - i. Suppose -2*k + z*g - 12 = 0, -g - 2 = -6. What is the units digit of k?
2
Let z(k) = 4749*k**3 - 11*k**2 + 22*k + 13. What is the units digit of z(2)?
5
Let d(o) = 5*o**2 + 14*o + 10*o - 810 + 792 - 3*o**2. What is the units digit of d(9)?
0
Let r(g) = g**2 + 5*g - 15. Let i be r(-8). Suppose -7*n - 414 = -i*n. What is the units digit of n?
7
Let m = 35 - -28. What is the hundreds digit of (-3664)/(-36) - (-14)/m?
1
Let x be (-9)/(36/8) - -1*5. Suppose -x*q = 2*n - 1190, -5*q + 2*n + 1978 = -0*n. What is the hundreds digit of q?
3
Let b(o) = o**3 - 17*o**2 + 22*o - 28. Let v be b(15). Let r be v/(-8) - (-6)/(-4). Suppose -22 = -3*k + r. What is the units digit of k?
3
Let y(h) = -8479*h - 13528. What is the ten thousands digit of y(-7)?
4
Let c = 499 + -1162. What is the units digit of (-9 - -5 - c) + 2?
1
Suppose -14*g + 45298 = -197490. What is the ten thousands digit of g?
1
Suppose 4*j + 5*p - 26 = 0, 2*j = -6*p + 2*p + 16. What is the hundreds digit of 1 + -2 + j/(-12)*-753?
2
Suppose 4 = s + 5*r - 6*r, -22 = -4*s - 2*r. Let l(i) = 24*i - 82. What is the units digit of l(s)?
8
Let l(k) = 7*k**3 - 3*k**2 + k - 16. Let t(s) = 8*s**3 - 4*s**2 - 16. Let p(x) = -7*l(x) + 6*t(x). What is the hundreds digit of p(-9)?
5
Let r be 2/7 + 66/14 + -5. Suppose 8*h - 30 + 6 = r. What is the tens digit of (-1)/h*(1 - 5)*57?
7
Let t(l) = 6009*l**2 - 50*l - 94. What is the hundreds digit of t(-2)?
0
Let m be (2/4 + 46/(-23))*686. Let i = m - -2246. What is the hundreds digit of i?
2
Let f(i) = -1362*i + 5953. What is the ten thousands digit of f(-48)?
7
Suppose 3*l + 5*x + 30 = 0, -x = -2*x - 3. Let y(g) = -3*g**3 - 4*g**2 - 12*g + 1. What is the hundreds digit of y(l)?
3
Suppose -3*u + 5*u = -d - 381, -4*u - 758 = -2*d. Let i = -77 - u. What is the hundreds digit of i?
1
Let r be -1 - (-7)/((-63)/(-243)). Suppose -1925 - r = -3*s + 2*g, -g = 2. What is the units digit of s?
9
Suppose -4*l = 8 - 36. Let i(z) = z - 17. Let y be i(l). What is the tens digit of (24/y)/(1/(-10))?
2
Suppose -3*k + 15 = 12, t - 3665 = 5*k. What is the units digit of t?
0
Suppose 17437 + 104243 = 13*d. What is the units digit of d?
0
Suppose -48*g = -28323 - 219933. What is the tens digit of g?
7
What is the thousands digit of 218*229/4 - (-295)/590?
2
Let a(n) = 2*n + 56. Let y(l) = -3. Let p(o) = 2*a(o) + 6*y(o). What is the tens digit of p(-8)?
6
Suppose 12*v - 56 = -2*v. Suppose -9*x + 3211 = v*x. What is the tens digit of x?
4
Suppose -2*p - t - 4*t = 25, 0 = 4*p + t + 5. Suppose -7*y - 437 + 2740 = p. What is the units digit of y?
9
Let f be (-2)/(-4) - (3 - (-15)/(-6)). Let i be 106/(-1) + (0 + f)/(-4). Let j = i + 189. What is the units digit of j?
3
Let a(k) = -k**3 - 13*k**2 - 23*k - 17. Let f(r) = 3*r**3 + 39*r**2 + 67*r + 50. Let s(h) = -11*a(h) - 4*f(h). What is the units digit of s(-13)?
2
Let v = -193 + 200. Suppose 95 = v*d - 2523. What is the tens digit of d?
7
Let k = 10257 + -6555. What is the tens digit of k?
0
What is the units digit of (1 + 27652/20)/((-12)/(-20))?
6
What is the thousands digit of (492/1968 + (-1)/(-4))*1368